{"id":9125,"date":"2021-05-24T11:56:38","date_gmt":"2021-05-24T11:56:38","guid":{"rendered":"https:\/\/kreator.dev\/hemija\/?page_id=9125"},"modified":"2023-01-18T07:25:36","modified_gmt":"2023-01-18T07:25:36","slug":"doctoral-studies","status":"publish","type":"page","link":"https:\/\/hemija.pmf.unsa.ba\/eng\/doctoral-studies\/","title":{"rendered":"Doctoral studies"},"content":{"rendered":"<div class=\"wpb-content-wrapper\"><p>[vc_row css=&#8221;.vc_custom_1622151392864{margin-bottom: 60px !important;}&#8221;][vc_column][vc_custom_heading text=&#8221;Doctoral studies&#8221; use_theme_fonts=&#8221;yes&#8221;][vc_column_text]<strong>Doctoral studies<\/strong> last three years (six semesters) and are evaluated with 180 ECTS points.<\/p>\n<p>The following study programmes and respective degrees are available:<\/p>\n<ul>\n<li><strong>Doctoral studies of chemical sciences &#8211; Doctor of philosophy in chemistry<\/strong><\/li>\n<li><strong>Natural and mathematical sciences in education &#8211; chemistry in education &#8211; Doctor of chemical sciences in education<\/strong><\/li>\n<\/ul>\n<p><strong>Head of the Doctoral studies: Prof.\u00a0 Amira \u010copra-Jani\u0107ijevi\u0107 Ph.D.<\/strong><\/p>\n<p><strong>Tel.:<\/strong> <a href=\"tel:+387 33 279 900\">+387 33 279 900<\/a><br \/>\n<strong>Email:<\/strong> <a href=\"mailto:acopra@pmf.unsa.ba\">acopra@pmf.unsa.ba<\/a><\/p>\n<div class=\"kreator-broj-telefona\"><\/div>\n<p>[\/vc_column_text][vc_single_image image=&#8221;12227&#8243; img_size=&#8221;full&#8221; alignment=&#8221;center&#8221; css=&#8221;.vc_custom_1670283839266{margin-top: 20px !important;margin-bottom: 20px !important;}&#8221;][\/vc_column][\/vc_row]<\/p>\n<\/div>","protected":false},"excerpt":{"rendered":"<p>[vc_row css=&#8221;.vc_custom_1622151392864{margin-bottom: 60px !important;}&#8221;][vc_column][vc_custom_heading text=&#8221;Doctoral studies&#8221; use_theme_fonts=&#8221;yes&#8221;][vc_column_text]Doctoral studies last three years (six semesters) and are evaluated with 180 ECTS points. The following study programmes and respective degrees are available: Doctoral studies of chemical sciences &#8211; Doctor of philosophy in chemistry Natural and mathematical sciences in [&hellip;]<\/p>\n","protected":false},"author":1,"featured_media":0,"parent":0,"menu_order":0,"comment_status":"closed","ping_status":"closed","template":"","meta":{"footnotes":""},"class_list":["post-9125","page","type-page","status-publish","hentry"],"_links":{"self":[{"href":"https:\/\/hemija.pmf.unsa.ba\/eng\/wp-json\/wp\/v2\/pages\/9125","targetHints":{"allow":["GET"]}}],"collection":[{"href":"https:\/\/hemija.pmf.unsa.ba\/eng\/wp-json\/wp\/v2\/pages"}],"about":[{"href":"https:\/\/hemija.pmf.unsa.ba\/eng\/wp-json\/wp\/v2\/types\/page"}],"author":[{"embeddable":true,"href":"https:\/\/hemija.pmf.unsa.ba\/eng\/wp-json\/wp\/v2\/users\/1"}],"replies":[{"embeddable":true,"href":"https:\/\/hemija.pmf.unsa.ba\/eng\/wp-json\/wp\/v2\/comments?post=9125"}],"version-history":[{"count":15,"href":"https:\/\/hemija.pmf.unsa.ba\/eng\/wp-json\/wp\/v2\/pages\/9125\/revisions"}],"predecessor-version":[{"id":12527,"href":"https:\/\/hemija.pmf.unsa.ba\/eng\/wp-json\/wp\/v2\/pages\/9125\/revisions\/12527"}],"wp:attachment":[{"href":"https:\/\/hemija.pmf.unsa.ba\/eng\/wp-json\/wp\/v2\/media?parent=9125"}],"curies":[{"name":"wp","href":"https:\/\/api.w.org\/{rel}","templated":true}]}}